 What is h(2)?
-5
Let r(q) = q**2 + 8*q + 16. What is r(-6)?
4
Let w(b) = -5*b - 14. Give w(-12).
46
Let m(y) = -2*y**3 - 5*y + 24. What is m(0)?
24
Let q(z) = z**3 + 20*z**2 + 15*z - 24. What is q(-19)?
52
Let q(y) = y**3 - 9*y**2 + 5*y + 9. What is q(8)?
-15
Let g(y) = -15*y + 105. Calculate g(7).
0
Let u(x) = 2*x**3 + 2*x**2 - 2. Determine u(-2).
-10
Let a(x) = -5*x + 43. Give a(10).
-7
Let s(w) = 2*w**2 + w - 3. Calculate s(-4).
25
Let z(w) = -2*w**3 - 4*w**2 + 7*w + 18. Determine z(-3).
15
Let q(r) = 2*r - 1. Give q(15).
29
Let f(v) = -v**2 + 16*v + 35. Calculate f(18).
-1
Let h(b) = b**2 - 57*b + 222. Determine h(53).
10
Let y(w) = -4*w - 35. Calculate y(-10).
5
Let b(c) = -6*c + 34. Determine b(3).
16
Let z(n) = 4*n**2 + 3*n + 4. What is z(-3)?
31
Let p(s) = 41*s - 346. Give p(8).
-18
Let j(y) = 70*y - 210. Calculate j(3).
0
Let i(u) = 9*u + 216. What is i(-25)?
-9
Let r(k) = -6*k - 3. Calculate r(2).
-15
Let c(k) = -k**2 + 8*k - 53. Give c(6).
-41
Let q(x) = -x**2 + 26*x + 33. Determine q(27).
6
Let f(u) = 2*u**2 - u + 1. Calculate f(5).
46
Let o(p) = -p**2 - p. Calculate o(2).
-6
Let c(r) = r**2 + 3*r + 2. Calculate c(-4).
6
Let m(x) = x**3 + 7*x**2 + 4*x - 13. What is m(-6)?
-1
Let v(o) = o + 3. Calculate v(-3).
0
Let d(s) = -12*s + 41. What is d(-3)?
77
Let d(z) = z**3 - z**2 - z - 14. What is d(0)?
-14
Let g(t) = t + 6. Give g(-3).
3
Let u(p) = 3*p**2 - 9*p - 112. Calculate u(-5).
8
Let r(o) = o**3 - 6*o**2 - 24*o + 28. Determine r(9).
55
Let y(v) = -2*v**3 - 5*v**2 + v + 4. What is y(-2)?
-2
Let s(u) = 6*u - 1. Calculate s(-1).
-7
Let w(d) = -d**3 - 10*d**2 + 12*d + 21. What is w(-11)?
10
Let z(c) = 9*c**2 + 5*c - 1. Calculate z(1).
13
Let v(l) = -27*l**2 + 2*l - 2. Give v(2).
-106
Let l(a) = -3*a - 9. Calculate l(-10).
21
Let h(g) = -g**2 + 18*g - 12. Determine h(17).
5
Let l(p) = -18*p**3 - p**2 + p + 1. Give l(-1).
17
Let s(t) = t + 20. Calculate s(-10).
10
Let i(p) = -14*p + 2. What is i(-2)?
30
Let j(d) = 3*d**2 + 5*d + 1. What is j(-3)?
13
Let s(c) = c**3 - 3*c**2 - 15*c + 1. Give s(6).
19
Let y(k) = 9*k - 29. Determine y(5).
16
Let j(i) = -i**3 - 9*i**2 + i - 16. What is j(-8)?
-88
Let f(r) = -r**3 + 10*r**2 + 10*r + 13. Give f(11).
2
Let i(d) = 2*d**2 + 7*d - 2. Give i(-5).
13
Let t(y) = 2*y**2 + 5*y - 2. Determine t(-2).
-4
Let g(u) = u**2 - 19*u - 1. What is g(19)?
-1
Let f(n) = -n**2 + 13*n - 10. Calculate f(8).
30
Let v(d) = -d**3 + 3*d**2 - 2*d + 11. Give v(4).
-13
Let b(i) = 2*i**2 - 17*i - 13. Determine b(10).
17
Let c(f) = 5*f + 81. Determine c(-15).
6
Let r(d) = -2*d - 8. What is r(-3)?
-2
Let u(b) = -b**2 - 23*b - 24. What is u(-11)?
108
Let j(l) = -4*l**3 - l**2 + l + 1. Calculate j(-1).
3
Let d(n) = -n - 8. What is d(0)?
-8
Let p(h) = -h**2 + 8*h + 3. Calculate p(8).
3
Let s(t) = t**2 - 40*t + 407. Calculate s(21).
8
Let o(g) = -57*g + 43. Determine o(1).
-14
Let v(y) = 13*y - 56. Determine v(4).
-4
Let d(k) = -k**3 + 3*k**2 - k - 5. Give d(5).
-60
Let m(w) = 5*w**2 - 6*w - 4. Give m(-1).
7
Let g(k) = k**2 - 4*k - 8. What is g(7)?
13
Let y(x) = x**3 + 9*x**2 + 10*x + 10. Give y(-8).
-6
Let r(p) = -2*p**2 + 7*p - 9. Determine r(6).
-39
Let u(o) = 3*o**2 + 10*o - 5. What is u(-4)?
3
Let y(l) = l**3 + 12*l**2 + 4*l - 6. Determine y(-11).
71
Let n(y) = -2*y**2 - 8*y + 91. Give n(-9).
1
Let m(v) = v**2 + 19*v + 1. Calculate m(-19).
1
Let z(j) = -j**2 + 9*j + 9. Determine z(9).
9
Let n(b) = b**2 + 21*b + 11. What is n(-20)?
-9
Let b(y) = -32*y - 323. Give b(-10).
-3
Let a(w) = 2*w**3 - 2*w**2 - 4*w - 3. Determine a(2).
-3
Let b(y) = -y**2 - 23*y - 56. Give b(-20).
4
Let k(n) = 2*n**2 - 14*n + 5. Determine k(7).
5
Let i(h) = -h**2 + 11*h - 9. Determine i(6).
21
Let f(j) = j - 20. Give f(8).
-12
Let w(q) = q**3 - 8*q**2 + 3*q - 6. Determine w(8).
18
Let x(a) = a - 9. What is x(3)?
-6
Let i(n) = -6*n. What is i(1)?
-6
Let h(j) = j**3 - 11*j**2 - 23*j + 126. What is h(12)?
-6
Let c(g) = 9*g - 111. Calculate c(12).
-3
Let h(d) = 5*d**2 - 4*d + 2. Calculate h(3).
35
Let p(s) = -s**2 + 8*s + 9. Determine p(9).
0
Let y(h) = 2*h - 37. Give y(0).
-37
Let v(o) = -o**3 + 11*o**2 - 20*o. What is v(9)?
-18
Let r(p) = -p + 12. What is r(12)?
0
Let h(u) = -u**3 - 14*u**2 + 4*u + 48. Calculate h(-14).
-8
Let q(i) = 2*i - 10. What is q(4)?
-2
Let z(h) = -h - 35. Determine z(-14).
-21
Let s(z) = -2*z**3 + 24*z**2 - 4*z + 31. Determine s(12).
-17
Let q(h) = 3*h**3 + 29*h**2 + 20*h + 22. Calculate q(-9).
4
Let v(i) = -48*i - 234. Determine v(-5).
6
Let r(z) = 2*z**2 + 54*z - 9. Calculate r(-27).
-9
Let i(d) = -d**2 + 8*d + 5. What is i(10)?
-15
Let r(h) = -10*h - 9. What is r(1)?
-19
Let t(l) = 11*l + 48. Determine t(-5).
-7
Let t(d) = -11*d - 101. Determine t(-9).
-2
Let z(w) = 4*w - 86. Give z(19).
-10
Let g(y) = y - 20. Give g(6).
-14
Let o(s) = -215*s + 1071. Calculate o(5).
-4
Let r(b) = -7*b + 103. Give r(17).
-16
Let h(w) = w**3 - 4*w**2 - 2*w + 7. Calculate h(3).
-8
Let c(w) = w**2 - 6*w + 3. Give c(5).
-2
Let k(v) = -v**3 - 14*v**2 - 2*v - 21. What is k(-14)?
7
Let x(q) = 15*q - 2. Calculate x(1).
13
Let t(y) = -y**2 - 24*y - 46. What is t(-22)?
-2
Let j(x) = -165*x - 1316. What is j(-8)?
4
Let d(k) = k**3 + 5*k**2 + 6*k + 2. What is d(-4)?
-6
Let r(j) = 13*j - 700. Determine r(54).
2
Let k(x) = x**2 - 10*x + 9. Give k(4).
-15
Let s(p) = -8*p + 10. What is s(8)?
-54
Let a(o) = -o**3 + 5*o**2 - 4*o. Determine a(3).
6
Let l(x) = -4*x**2 - 6*x + 3. What is l(-2)?
-1
Let l(z) = -z**3 - 12*z**2 - 7*z + 24. What is l(-11)?
-20
Let w(d) = d + 33. Calculate w(-33).
0
Let g(h) = 38*h - 212. Determine g(6).
16
Let b(d) = -d**2 + 27. Determine b(-9).
-54
Let j(x) = x**3 - 3*x**2 + 2. Give j(2).
-2
Let s(f) = f**3 - 10*f**2 + 8*f + 15. Determine s(9).
6
Let b(h) = 2*h**2 - 134*h + 136. What is b(66)?
4
Let y(i) = 8*i**2 - 4. Calculate y(2).
28
Let x(y) = -y - 3. Calculate x(-11).
8
Let h(a) = -a**2 + 13*a - 9. Calculate h(12).
3
Let l(v) = v**3 - 3*v**2 - 5*v + 2. What is l(4)?
-2
Let j(z) = 2*z**3 + z**2 - 6*z - 4. Calculate j(-2).
-4
Let k(o) = 57*o**3 - o**2 + o + 1. Give k(-1).
-58
Let n(d) = 28*d - 48. Determine n(6).
120
Let d(a) = -12*a + 1. Give d(-1).
13
Let m(h) = h**3 + 16*h**2 + 3*h + 19. What is m(-16)?
-29
Let s(q) = 13*q + 172. Determine s(-16).
-36
Let f(a) = -a**2 + 6*a - 4. Calculate f(6).
-4
Let g(p) = p**3 - 12*p**2 + 19*p + 15. Give g(10).
5
Let y(a) = 21*a. Give y(1).
21
Let r(d) = -d + 59. Give r(14).
45
Let n(x) = x**2 - 13*x - 1215. Calculate n(-29).
3
Let k(t) = t**3 + 10*t**2 + 12*t - 2. What is k(-8)?
30
Let p(u) = u**3 + 9*u**2 - 34*u + 21. Calculate p(-12).
-3
Let i(p) = 48*p + 10. Give i(-4).
-182
Let t(g) = 30*g**3. Give t(-1).
-30
Let v(y) = -3*y**2 - 54*y + 4. Determine v(-18).
4
Let d(z) = z**3 + 5*z**2 - 16*z - 20. Give d(-7).
-6
Let s(h) = -2*h**2 - 32*h - 22. Give s(-15).
8
Let l(o) = o**3 - 13*o**2 + 10*o - 19. Give l(13).
111
Let m(v) = v**2 - 6*v + 5. What is m(6)?
5
Let k(y) = -6*y + 38. What is k(7)?
-4
Let a(l) = -6*l**2 + 6*l + 3. Calculate a(-1).
-9
Let o(i) = 5*i**2 - 23*i - 6. Calculate o(5).
4
Let d(b) = 3*b + 25. Give d(-6).
7
Let s(x) = 5*x - 14. Calculate s(7).
21
Let w(u) = -u**2 - 7*u + 18. Determine w(-8).
10
Let w(l) = -l**3 - 16*l**2 + 78*l + 755. Calculate w(-18).
-1
Let q(w) = -13*w + 248. Give q(19).
1
Let n(f) = -f - 5. What is n(7)?
-12
Let q(j) = j**2 + 12*j + 34. Determine q(-14).
62
Let k(d) = 2*d + 62. Calculate k(-25).
12
Let b(g) = -g**3 - 14*g**2 - 13*g + 18. Give b(-13).
18
Let w(f) = 2*f**3 - 5*f**2 + f + 1. Give w(2).
-1
Let i(c) = -18*c**3 + 1. Calculate i(1).
-17
Let d(y) = y**2 + 2*y + 6. Calculate d(-5).
21
Let t(c) = c**2 - 22*c + 25. Give t(21).
4
Let u(z) = 141*z - 415. Give u(3).
8
Let r(j) = j**3 - 59*j**2 + 62*j - 242. Determine r(58).
-10
Let m(a) = -3*a + 17. Calculate m(7).
-4
Let o(t) = t**3 + 10*t**2 + 19*t + 19. Determine o(-8).
-5
Let l(a) = a**3 + 18*a**2 - 2*a - 30. Determine l(-18).
6
Let o(f) = -f**3 + 4*f**2 + 8*f - 6. Determine o(5).
9
Let z(w) = -4*w**3 + 2*w**2 + 2*w + 4. Determine z(3).
-80
Let y(r) = -r**3 + 2*r**2 + 7*r - 5. Calculate y(4).
-9
Let x(o) = o**3 - 11*o**2 + 15*o - 12. Determine x(10).
38
Let i(y) = -2*y**3 - 2*y**2 - 3*y - 10. Give i(-2).
4
Let k(a) = 8*a**3 - 78*a**2 - 21*a + 13. Give k(10).
3
Let v(r) = -4*r + 23. Give v(